0 - j. Suppose 16 = -t*h + 60. Calculate the remainder when 64 is divided by h.
20
Calculate the remainder when (1 + -126)*(-2 - -1) is divided by 1 + -1 + -7 - -39.
29
Calculate the remainder when 87 is divided by (-408)/(-18) + 2/(-3).
21
Let p be 4/8 - 19/2. Let y = p + 15. What is the remainder when 10 is divided by y?
4
Suppose -2*d = -4*d + 4. Suppose -15 = -d*g + 9. Calculate the remainder when 69 is divided by g.
9
Suppose 0 = k - 76 + 28. Suppose -3*l + k + 30 = 0. What is the remainder when 49 is divided by l?
23
Suppose 54*u - 16 = 52*u. Let z = -41 + 62. What is the remainder when z is divided by u?
5
Suppose -2*t + 2 = -2*m - 4, -m = -2*t + 5. Suppose t*k = -7*g + 2*g + 63, 2*k = 5*g - 67. Calculate the remainder when 37 is divided by g.
11
Suppose l + 19 = 2*j + 6*l, j - 7 = -5*l. Suppose -5*b + 97 = 3*x, 4*x - 3*b = 77 + 62. What is the remainder when x is divided by j?
10
Let q(p) = 16*p + 13. Calculate the remainder when q(4) is divided by 26.
25
Let o = -7 + 9. Suppose 4*n = 4*s - 56, o*n = -2*s + 3*n + 30. What is the remainder when s is divided by 9?
7
Suppose o - 120 = -4*o. Let f(q) = -q**3 + 6*q**2 + 3*q - 5. Let k be f(6). Suppose -k = -4*i + 39. What is the remainder when o is divided by i?
11
What is the remainder when 39 is divided by (2*-1)/(26/(-273))?
18
Let o be 31/(-2) - (-3)/6. Let z(j) = -49*j**2 - j - 1. Let f be z(-1). Let s = o - f. What is the remainder when s is divided by 12?
10
Let o(v) = 3*v - 6. Let h be o(4). Suppose -3*t - 2*t + h = j, 5*t + 25 = 0. What is the remainder when j is divided by 17?
14
Suppose 5*y + 8 = 3. Suppose 0*s - s + 6 = 0. Calculate the remainder when 1 + 45/(-3)*y is divided by s.
4
Let g be 10/3*(-6)/(-4). Suppose -4*l + 12 = 0, -2*l - l = g*r - 64. What is the remainder when r is divided by 6?
5
Let q be 1252/(-12) + (-2)/(-6). What is the remainder when 11 is divided by q/(-18) - (-8)/36?
5
Suppose 0 = 4*t - 8*t + 60. Suppose 0 = -5*d + t. Suppose -4*y - h = -51, 5*y - 81 = d*h + 4. What is the remainder when y is divided by 5?
4
Let n(c) = c + 7. Let q be n(-3). Suppose 2*o + 5 = -5*b, 0 = -4*o - b + q*b + 55. Calculate the remainder when 19 is divided by o.
9
Let s be (-10)/(-4)*(5 + 9). Suppose 0*g - 2*r = -3*g + s, 3*g - 49 = -5*r. What is the remainder when 37 is divided by g?
11
Let w(q) = q**3 - 7*q**2 + 6*q + 7. Let b(z) = -2*z + 9. Let g be b(6). Calculate the remainder when g*(-1 - 34/6) is divided by w(6).
6
Let d = -6 + 9. Suppose -a + 20 = d*a. Suppose -9 = -i - 4*i - 4*r, 0 = -3*i - a*r + 8. What is the remainder when 1 is divided by i?
0
Suppose 4*c - 22 = -2. Suppose -3*l - 52 = -c*l. Calculate the remainder when 101 is divided by l.
23
Suppose -13*c = -12*c - 19. Calculate the remainder when 30 is divided by c.
11
Let l = -16 + 16. Suppose l*p + 3*p = -3*z + 99, 3*p - z - 83 = 0. What is the remainder when 114 is divided by p?
27
Let w(j) = -j**3 - 4*j**2 - 2*j. Let m(t) = -t**3 - 10*t**2 + 8*t - 3. Calculate the remainder when m(-11) is divided by w(-4).
6
Suppose -3 - 19 = -2*g. Suppose b + 2*b - 5 = 5*h, -4*h - 11 = -b. Let z(q) = -q**2 - 6*q - 2. What is the remainder when g is divided by z(h)?
5
Suppose -i + 27 = -41. Calculate the remainder when i is divided by 14.
12
Let i = 16 + -17. What is the remainder when (46 - i) + (-12)/4 is divided by 16?
12
Let h(i) = -i**3 - 4*i**2 - 6*i - 8. What is the remainder when 62 is divided by h(-4)?
14
Calculate the remainder when 25 is divided by (-6)/5*105/(-14).
7
Let t(z) = -9 - 5 + 3 - z**2 - 12 + 13*z. Calculate the remainder when 16 is divided by t(10).
2
Let x = -6 - -39. Calculate the remainder when -2*x/(-6) + -1 is divided by -5*1/(-5)*6.
4
Let p = 109 - 72. Let u be 6/4 - (-1)/2. Suppose 5*o - 73 = -n + 3*n, 4*o + u*n - 44 = 0. Calculate the remainder when p is divided by o.
11
Let z = -7 + 10. Suppose 0 = z*i - i. Suppose 5*g - g - 44 = i. Calculate the remainder when 20 is divided by g.
9
Let c = 68 + -29. Suppose 0 = 3*u - 84 - c. What is the remainder when u is divided by 21?
20
What is the remainder when ((-88)/(-24))/((-1)/(-3)) is divided by 8?
3
Let p be (4/(-5))/(2/(-5)). Suppose 3*m - 4*o = -2*m + 35, -4*o - 26 = -p*m. What is the remainder when 8 is divided by m?
2
Suppose t + 1 = 2. Suppose -3*o = -4*i + 83, 3*o = t - 4. Calculate the remainder when i is divided by 7.
6
Let z be (2 - (-2 - -4))/1. Suppose -k + f = 50, 3*k + z*f + 152 = 5*f. Let p = -28 - k. What is the remainder when p is divided by 11?
10
Suppose -r + 12 = -15. Suppose 2*y + y = r. What is the remainder when 16 is divided by y?
7
Let k = 35 - 24. Suppose 0 = -3*o - 3 + 60. What is the remainder when o is divided by k?
8
Suppose 4*r - 10 = 6. Suppose -4*v + r*k = -68, -59 = -4*v + 3*k - 2*k. Let l = -8 - -35. What is the remainder when l is divided by v?
13
Let c = 29 + -19. Calculate the remainder when 39 is divided by c.
9
What is the remainder when 9 is divided by (-9)/(-6)*(-4)/(-2)?
0
Suppose 3*d - 20 - 19 = 0. What is the remainder when 51 is divided by d?
12
Let z = 6 - 0. Let f = -5 - -8. Calculate the remainder when z is divided by f.
0
Suppose 4*b + k = -21, 4*b - 3*k - 2 = -3. Let u = b - -15. Let x = u - -1. What is the remainder when 34 is divided by x?
10
Suppose 0*j + 2*j - 18 = 0. Let i = -6 + j. Calculate the remainder when i is divided by 1.
0
Suppose 0*q = q - z, -4*q - 2*z = 0. Suppose 0 = -2*o + 12 - q. What is the remainder when o is divided by 4?
2
Let l(b) = b**3 + 8*b**2 + 6*b + 7. Let j(i) = i**2 + 13*i + 5. Let r be j(-12). What is the remainder when 54 is divided by l(r)?
12
Let k be 2 + 1 - (17 + -15). What is the remainder when (8/(-16))/(k/(-18)) is divided by 3?
0
Suppose 205 - 70 = 5*u. What is the remainder when 78 is divided by u?
24
Let r(b) = -b + 5. Let m be r(-4). Let t be (-10)/(-3) - 3/m. Suppose -t*z + 18 = -2*z. What is the remainder when 35 is divided by z?
17
Suppose n = 4*n - 12. Calculate the remainder when 6 is divided by n.
2
Suppose 4*q + 2*z - 4 = 0, 0*z - 14 = -5*q + 2*z. Suppose -q*s + 33 = -91. Calculate the remainder when s is divided by 16.
14
Let b(t) = t**2 - 12*t. Let a be b(13). Suppose -2*k + 5*k = -n + a, 5*k + 52 = 4*n. Calculate the remainder when 23 is divided by n.
10
Let l be 54/14 + 1/7. What is the remainder when l/10 - (-193)/5 is divided by 14?
11
Suppose 5*y = 4*k + 72, 10*y - 5*y = k + 63. Calculate the remainder when ((-11)/(-3))/(2/12) is divided by y.
10
Suppose 0*q = 5*q + 25. Let z(a) = a - 1. Let m be z(-2). What is the remainder when 4 is divided by (m/q + -1)*-5?
0
Let x(g) be the second derivative of g**3/6 - 12*g**2 + 3*g. Let v be x(0). Let z = v - -37. What is the remainder when 25 is divided by z?
12
Let i(j) = j**2 - j - 1. Let c be i(-2). Suppose v - 5*v - 96 = -4*m, -4*m + 98 = -c*v. Calculate the remainder when m is divided by (-8)/(1*(-3 - -2)).
6
Let z(j) = -j**2 + 11*j + 25. What is the remainder when 60 is divided by z(12)?
8
Let b = 17 + -1. Suppose 0 = u - 2*d - 15, 2*u - 3*d - 24 = -d. What is the remainder when b is divided by u?
7
Calculate the remainder when (2 - 646/(-7)) + 2/(-7) is divided by 36.
22
Suppose 0*j + 24 = j. Suppose 2*m = -z + 40, -3*m = z - 36 - j. Calculate the remainder when 78 is divided by m.
18
Calculate the remainder when 31 is divided by 3/6 + -1*28/(-8).
3
Let c be (8/(-20))/((-1)/5). Suppose -55 = -d - 3*r, -c*d + 2*r = -18 - 84. Calculate the remainder when d is divided by 18.
16
Let v be (-10)/15 + 155/3. Suppose v - 13 = 2*h. Calculate the remainder when 56 is divided by h.
18
Suppose -3 = 3*p + 15. Calculate the remainder when (-162)/(-12)*(-8)/p is divided by 10.
8
Let k(v) = -5 + 3*v + 7*v**2 + 2*v + v**3 + 4. Let c be k(-6). Calculate the remainder when 23 is divided by (-60)/(-8)*8/c.
11
Let a(m) = -5*m - 1. Suppose -x + 6 = 3*l, 4*l - 2*l = -3*x + 4. Suppose -26 = l*k - 3*k. What is the remainder when k is divided by a(-2)?
8
Suppose -512 = -16*c + 8*c. Calculate the remainder when 248 is divided by c.
56
Suppose 10 + 2 = 2*n. What is the remainder when (-65)/(-4) - (-6)/(-24) is divided by n?
4
Let d = -6 + -4. Let w(x) = -x**2 - 16*x - 14. Calculate the remainder when w(d) is divided by 24.
22
Suppose 0 = 5*k - 3*k - 74. Let d(s) = -s**2 - 7*s + 1. Let v be d(-3). Suppose -4*g = -3*g 